ainder when 905 is divided by 370?
165
Calculate the remainder when 43 is divided by 32.
11
What is the remainder when 357 is divided by 76?
53
Calculate the remainder when 75 is divided by 21.
12
Calculate the remainder when 355 is divided by 27.
4
What is the remainder when 177 is divided by 8?
1
What is the remainder when 938 is divided by 117?
2
What is the remainder when 3642 is divided by 19?
13
What is the remainder when 90 is divided by 56?
34
What is the remainder when 615 is divided by 109?
70
Calculate the remainder when 108 is divided by 35.
3
Calculate the remainder when 533 is divided by 190.
153
Calculate the remainder when 486 is divided by 231.
24
Calculate the remainder when 107 is divided by 22.
19
Calculate the remainder when 2365 is divided by 148.
145
Calculate the remainder when 108 is divided by 56.
52
What is the remainder when 880 is divided by 63?
61
What is the remainder when 45317 is divided by 13?
12
Calculate the remainder when 1324 is divided by 263.
9
What is the remainder when 34 is divided by 5?
4
What is the remainder when 209 is divided by 71?
67
What is the remainder when 196 is divided by 56?
28
What is the remainder when 379 is divided by 20?
19
Calculate the remainder when 668 is divided by 168.
164
Calculate the remainder when 222 is divided by 78.
66
Calculate the remainder when 690 is divided by 229.
3
What is the remainder when 52 is divided by 18?
16
What is the remainder when 2114 is divided by 29?
26
Calculate the remainder when 10641 is divided by 91.
85
Calculate the remainder when 1333 is divided by 341.
310
Calculate the remainder when 190 is divided by 109.
81
Calculate the remainder when 1754 is divided by 88.
82
What is the remainder when 209 is divided by 54?
47
What is the remainder when 123 is divided by 3?
0
Calculate the remainder when 58 is divided by 22.
14
Calculate the remainder when 2000 is divided by 89.
42
Calculate the remainder when 4885 is divided by 2440.
5
Calculate the remainder when 1737 is divided by 65.
47
What is the remainder when 285 is divided by 49?
40
Calculate the remainder when 264 is divided by 45.
39
What is the remainder when 243 is divided by 53?
31
Calculate the remainder when 215 is divided by 212.
3
Calculate the remainder when 64 is divided by 46.
18
What is the remainder when 1310 is divided by 101?
98
Calculate the remainder when 208 is divided by 124.
84
What is the remainder when 7746 is divided by 41?
38
What is the remainder when 116 is divided by 11?
6
What is the remainder when 445 is divided by 157?
131
Calculate the remainder when 392 is divided by 45.
32
Calculate the remainder when 3395 is divided by 20.
15
Calculate the remainder when 11087 is divided by 6.
5
Calculate the remainder when 336 is divided by 237.
99
What is the remainder when 1774 is divided by 148?
146
Calculate the remainder when 439 is divided by 74.
69
Calculate the remainder when 5797 is divided by 11.
0
What is the remainder when 508 is divided by 17?
15
What is the remainder when 399 is divided by 54?
21
Calculate the remainder when 928 is divided by 5.
3
Calculate the remainder when 221 is divided by 22.
1
Calculate the remainder when 147 is divided by 34.
11
Calculate the remainder when 212 is divided by 18.
14
What is the remainder when 425 is divided by 122?
59
Calculate the remainder when 209 is divided by 70.
69
Calculate the remainder when 4584 is divided by 11.
8
What is the remainder when 2566 is divided by 288?
262
Calculate the remainder when 503 is divided by 83.
5
What is the remainder when 480 is divided by 29?
16
Calculate the remainder when 157 is divided by 18.
13
Calculate the remainder when 42 is divided by 35.
7
What is the remainder when 55 is divided by 29?
26
What is the remainder when 598 is divided by 22?
4
What is the remainder when 254 is divided by 16?
14
Calculate the remainder when 1723 is divided by 192.
187
What is the remainder when 634 is divided by 275?
84
Calculate the remainder when 451 is divided by 450.
1
What is the remainder when 227 is divided by 67?
26
What is the remainder when 1315 is divided by 45?
10
What is the remainder when 65 is divided by 34?
31
Calculate the remainder when 246 is divided by 22.
4
Calculate the remainder when 380 is divided by 75.
5
What is the remainder when 434 is divided by 427?
7
Calculate the remainder when 208 is divided by 99.
10
Calculate the remainder when 97 is divided by 42.
13
What is the remainder when 116 is divided by 43?
30
What is the remainder when 8694 is divided by 38?
30
Calculate the remainder when 95 is divided by 36.
23
What is the remainder when 621 is divided by 104?
101
Calculate the remainder when 54 is divided by 25.
4
What is the remainder when 81 is divided by 6?
3
Calculate the remainder when 5071 is divided by 145.
141
What is the remainder when 5588 is divided by 86?
84
Calculate the remainder when 461 is divided by 434.
27
Calculate the remainder when 872 is divided by 19.
17
Calculate the remainder when 1293 is divided by 18.
15
Calculate the remainder when 1036 is divided by 31.
13
Calculate the remainder when 188 is divided by 73.
42
Calculate the remainder when 1557 is divided by 50.
7
What is the remainder when 3310 is divided by 144?
142
Calculate the remainder when 230 is divided by 50.
30
Calculate the remainder when 11719 is divided by 19.
15
What is the remainder when 639 is divided by 72?
63
What is the remainder when 331 is divided by 84?
79
Calculate the remainder when 94 is divided by 22.
6
What is the remainder when 83 is divided by 22?
17
What is the remainder when 11543 is divided by 46?
43
What is the remainder when 945 is divided by 22?
21
Calculate the remainder when 8551 is divided by 182.
179
What is the remainder when 2518 is divided by 28?
26
Calculate the remainder when 1188 is divided by 8.
4
Calculate the remainder when 90 is divided by 42.
6
What is the remainder when 342 is divided by 170?
2
What is the remainder when 328 is divided by 79?
12
Calculate the remainder when 478 is divided by 67.
9
Calculate the remainder when 582 is divided by 146.
144
Calculate the remainder when 5631 is divided by 131.
129
Calculate the remainder when 186 is divided by 17.
16
What is the remainder when 369 is divided by 157?
55
What is the remainder when 77 is divided by 59?
18
Calculate the remainder when 159 is divided by 23.
21
Calculate the remainder when 359 is divided by 91.
86
Calculate the remainder when 32 is divided by 10.
2
Calculate the remainder when 1686 is divided by 13.
9
What is the remainder when 1101 is divided by 546?
9
What is the remainder when 180 is divided by 78?
24
Calculate the remainder when 99 is divided by 30.
9
Calculate the remainder when 1430 is divided by 8.
6
Calculate the remainder when 1455 is divided by 6.
3
Calculate the remainder when 1765 is divided by 13.
10
What is the remainder when 806 is divided by 54?
50
What is the remainder when 2481 is divided by 620?
1
What is the remainder when 182 is divided by 27?
20
Calculate the remainder when 7825 is divided by 145.
140
Calculate the remainder when 53 is divided by 11.
9
What is the remainder when 385 is divided by 127?
4
What is the remainder when 1858 is divided by 20?
18
What is the remainder when 145 is divided by 80?
65
Calculate the remainder when 1101 is divided by 349.
54
What is the remainder when 57 is divided by 44?
13
What is the remainder when 4029 is divided by 126?
123
Calculate the remainder when 998 is divided by 13.
10
What is the remainder when 755 is divided by 20?
15
What is the remainder when 121 is divided by 55?
11
Calculate the remainder when 932 is divided by 462.
8
Calculate the remainder when 260 is divided by 213.
47
What is the remainder when 61 is divided by 52?
9
Calculate the remainder when 279 is divided by 151.
128
Calculate the remainder when 57 is divided by 31.
26
What is the remainder when 1044 is divided by 208?
4
Calculate the remainder when 346 is divided by 12.
10
Calculate the remainder when 1107 is divided by 59.
45
What is the remainder when 16 is divided by 4?
0
What is the remainder when 102 is divided by 16?
6
Calculate the remainder when 37817 is divided by 31.
28
What is the remainder when 1133 is divided by 53?
